b + 2. Let w be z(0). Suppose -5*o = 5*s - 690, 480 + 90 = 4*o - 2*s. Suppose -w*a = a - o. Calculate the remainder when a is divided by 12.
11
Let o(n) = -n**3 - 6*n**2 + 2*n - 8. Calculate the remainder when 79 is divided by o(-7).
25
Let c = 35 - 14. Let l = 89 + -6. Calculate the remainder when l is divided by c.
20
Let x(p) = -5*p + 3*p - 2 - 3*p + 2*p**2 + 4*p. Calculate the remainder when x(-3) is divided by 5.
4
Suppose -2*l + 1 + 11 = 0. Let z = -4 + l. Suppose -p + 0*v + 21 = -z*v, 49 = 5*p + 4*v. Calculate the remainder when p is divided by 5.
3
Suppose 2*y + 0*y + 2*f - 68 = 0, -3*y = -3*f - 132. Calculate the remainder when y is divided by 10.
9
Let v = 4 + -3. Let q(s) = -4*s - 1. Calculate the remainder when (v + 1)/1 + 6 is divided by q(-1).
2
Suppose 11*u - 45 = 6*u. What is the remainder when 15 is divided by u?
6
Let d = 8 + -2. Calculate the remainder when d is divided by 4.
2
Let z(c) = -3*c**3 + 2*c**2 - 2*c - 1. Suppose -4*m + 8*m = 0. Suppose 5*d - 10 = 0, m = u - 3*u - 2*d + 28. Calculate the remainder when z(-2) is divided by u.
11
Let k = 40 + -14. Calculate the remainder when 90 is divided by k.
12
Let m = -75 - -244. Calculate the remainder when m is divided by 17.
16
Suppose 2*k - 4*n + 28 = 3*k, -2*n + 20 = k. Suppose 2*m = 29 + 17. Calculate the remainder when m is divided by k.
11
Let c(j) = -j**2 + 5*j - 4. Calculate the remainder when 2 - (0 + -1)*(-1 + 5) is divided by c(3).
0
Let g be (-2 - (2 + -5)) + -1. Suppose g = -4*t + 2*d + 10, -2*t - d - 3 = -3*t. What is the remainder when 5 is divided by t?
1
Suppose -10 = 2*b + 3*h - 4*h, h = -2*b - 2. Calculate the remainder when 1 - -1 - 75/b is divided by 14.
13
Let r be (442 - 1) + -2 - -1. Let u be (r/(-15))/((-1)/3). Suppose 5*b - b = u. What is the remainder when b is divided by 12?
10
Suppose 0 = -4*a + a + 3. Let m(g) = -g**2 - 7*g - 5. Let r be m(-5). Let q = 6 - r. What is the remainder when q is divided by a?
0
Let a(o) = o**2 - 2*o - 24. What is the remainder when a(-6) is divided by 16?
8
Let y = 19 + -9. What is the remainder when 39 is divided by y?
9
Calculate the remainder when (-10)/3 - 4/6 - -46 is divided by 23.
19
Suppose -82 = -4*l + a + 4*a, 5*l - 88 = -a. Calculate the remainder when l is divided by 4.
2
Let v(c) = c**3 + c**2 - 2. Suppose 8 = 3*i - 46. Calculate the remainder when v(3) is divided by i.
16
Suppose -4*a + 38 = f, -2*f = -0*f + 5*a - 79. Suppose 0 = 2*p - 4*o - f, 3*p + 4*o = o + 18. Let s = -15 + 21. Calculate the remainder when p is divided by s.
5
What is the remainder when 41 is divided by (-222)/(-16) + (-3)/(-24)?
13
Suppose 3*l + 5*l - 64 = 0. Let t be ((-15)/6)/(2/(-4)). Suppose 4*u - 149 + t = 5*s, 3*s - 143 = -5*u. What is the remainder when u is divided by l?
7
Calculate the remainder when (1 - 3)*(-78)/12 is divided by 5.
3
Let i = -9 - -18. Suppose -92 = -5*z - 4*n, z + 0*z - 4*n = 4. What is the remainder when z is divided by i?
7
Suppose -s = -5*i + 18, 0*s - 8 = -2*s - i. Let d = -3 - -6. Suppose 0 = -d*u - s*u + 130. Calculate the remainder when u is divided by 14.
12
Suppose -3*i = 1 - 4. What is the remainder when 34 is divided by (-13 - i)/(-1) - 2?
10
Let p(m) be the first derivative of -m**3/3 + 7*m**2/2 - 3*m - 5. What is the remainder when 8 is divided by p(6)?
2
Suppose 5*s - 7 = 13. Calculate the remainder when 11 is divided by s.
3
Suppose -1 = 6*z - 205. What is the remainder when z is divided by 13?
8
Let x(s) = -s**2 - 7*s - 9. Calculate the remainder when 20 is divided by x(-4).
2
Suppose -4*t = -0*t - 32. What is the remainder when 47 is divided by t?
7
Let v = -7 - -12. Let i(c) = -c**3 - 3*c**2 + 8*c + 3. Calculate the remainder when i(-5) is divided by v.
3
Let r(c) = c - 1. Suppose -3*m - m + 24 = 0. What is the remainder when r(m) is divided by 2?
1
Suppose 2*x = -4*v, 0 = -2*x + 5*v - v - 40. Let m = x - -18. Let z = 4 + m. What is the remainder when 21 is divided by z?
9
Suppose 126 = 2*i + 7*i. What is the remainder when 31 is divided by i?
3
Suppose -y - 4*y = 3*l + 19, -17 = -l + 3*y. Let i(d) = 21*d + 1. Let w = -21 - -36. What is the remainder when i(l) is divided by w?
13
Let s(l) = l**3 - 4*l**2 - 6*l + 7. Let v be s(5). Suppose 11 = v*n + 43. Let p = n + 24. What is the remainder when 22 is divided by p?
6
Suppose -73 - 281 = -3*d. What is the remainder when d is divided by 41?
36
Suppose -2*r - 2 = 5*s - 13, 4*r = 3*s + 9. Calculate the remainder when 2 is divided by s.
0
Let a = 63 - 41. Calculate the remainder when a is divided by 13.
9
Let q = -3 - -10. What is the remainder when 34 is divided by q?
6
Suppose 0 = -2*u + 2*m + 84, -m - 4 = 1. Suppose -2*c - 3*c = 0. Suppose c = -0*v + v - 13. Calculate the remainder when u is divided by v.
11
Let g be 77/4 + 5/(-20). Suppose 0*d - g = 4*d + 3*p, 5*p + 26 = -d. What is the remainder when (45 - d)*(-1)/(-2) is divided by 8?
7
Let d(w) = w**3 + 7*w**2 + 4*w + 5. Let o(t) = t**2 - 8*t - 3. Let m be o(9). Suppose 30 = -m*j + j. Calculate the remainder when d(j) is divided by 6.
5
Let d = -8 - -16. Suppose -3*u - 6 - 6 = 0. Let o(h) = -4*h - 2. Calculate the remainder when o(u) is divided by d.
6
Suppose u - 11 = 34. What is the remainder when u is divided by 16?
13
Suppose 18*f + l = 13*f + 257, 251 = 5*f + 3*l. Suppose 20 = -4*w + 64. What is the remainder when f is divided by w?
8
Let p(y) = y**3 - 7*y**2 + 19. What is the remainder when 56 is divided by p(7)?
18
Suppose 0*j - 9*j + 441 = 0. Calculate the remainder when j is divided by 25.
24
Suppose 3*f - 2 = 7, 3*v = -f + 81. What is the remainder when 49 is divided by v?
23
Let u(q) = 19*q**2 - q. Calculate the remainder when 1/(0 - 1/(-59)) is divided by u(-1).
19
Suppose 2*q + 6 = 0, -u + 8 = -6*q + 2*q. Let x be (u/(-12))/(1/3). Let a = 5 - x. What is the remainder when a is divided by 2?
0
Let t(b) = -b**2 - 16*b + 3. What is the remainder when t(-15) is divided by 7?
4
Let u(d) = -d**3 + 12*d**2 - 11*d + 14. Let p = -8 + 19. Calculate the remainder when u(p) is divided by 4.
2
Let o be 162/(-15) + (-1)/5. Let v(g) = -11 - 3*g + 2*g - 3*g. What is the remainder when v(o) is divided by 17?
16
Let f be (-1)/(3 + (-16)/5). Suppose -40 = -f*r + 5*t, 2*r - 18 = -t + 5*t. What is the remainder when 20 is divided by r?
6
Calculate the remainder when 72 is divided by (-245)/(-10) + 2/((-12)/(-3)).
22
Let s(n) = -n + 42. Let w be s(0). Suppose d - 39 = -5*r, -2*d + w = -0*d + r. Calculate the remainder when d is divided by 5.
4
Let a be (-1 - 0)/((-3)/30). Calculate the remainder when 5/(a/72) + -2 is divided by 19.
15
Let h(f) = f - 2. Let b be h(4). Suppose 1 + 9 = -b*i. What is the remainder when 32 is divided by 166/10 - 2/i?
15
What is the remainder when (32/20)/((-2)/(-45)) is divided by 13?
10
Suppose 5*m + 0*c - 187 = -3*c, -3*m + 2*c + 97 = 0. What is the remainder when m is divided by 9?
8
Suppose -5*o + 2 + 16 = -2*m, 8 = -4*o - 4*m. Calculate the remainder when 28 is divided by (o - 4) + -1 - -18.
13
Suppose 8 = -5*f + 3. What is the remainder when ((-44)/(-12) + f)*9 is divided by 13?
11
Let k = -33 - -49. Suppose -2*b + 30 + 8 = 4*l, k = 4*b - 4*l. Calculate the remainder when 33 is divided by b.
6
Let y(j) = 8*j + 7. Let h be y(7). Let l be 1 - ((-2)/(-2) - 0). Suppose l*g - h = -3*g. Calculate the remainder when g is divided by 11.
10
Suppose 0 = 5*n + 7 - 37. Let g(b) = b**2 - 5*b - 2. Calculate the remainder when n is divided by g(6).
2
Suppose -2*v - 17 = -v. Let g = -10 - v. Let k(p) = p**3 - 8*p**2 + 8*p - 1. Calculate the remainder when 17 is divided by k(g).
5
Let x(k) = -3*k - 9. Let w be 6/(-9)*(-30)/(-4). What is the remainder when x(w) is divided by 3?
0
Let i = -1 + 15. What is the remainder when i is divided by 9?
5
Let o(v) = v - 17 + v + 6. Let a(g) = -g**3 + 11*g**2 - 3*g + 41. Let s be a(11). Calculate the remainder when 17 is divided by o(s).
2
Let g(b) = b**2 + b + 1. Let y be (-34)/(-3) - 12/(-18). Suppose y + 9 = -3*h. What is the remainder when g(h) is divided by 15?
13
Let k be (-128)/20 + 4/10. Calculate the remainder when (-2)/11 - 748/(-121) is divided by 15/(-10)*16/k.
2
Suppose 3*j - 7*j = o - 5, 0 = j. Suppose -o*b - 3*y = -4*y - 180, 2*y = -10. What is the remainder when b is divided by ((2*27)/3)/2?
8
Let m(i) = 10*i + 2. Calcul